ose 4*r = r - 6, q*g + 3*r - 34 = 0. List the prime factors of g.
2, 5
Suppose -58 = -n + 10. List the prime factors of n.
2, 17
Let g = -29 + 44. Let y(f) = -f**3 + 14*f**2 + 16*f - 2. What are the prime factors of y(g)?
13
Suppose -z + 5*u + 46 = 0, -3*z = -u + 4*u - 120. Let l = z - 22. Suppose -3*c + 30 = -3*d, -2*c + 2*d + l = -d. List the prime factors of c.
11
Let k(a) = 13*a + 2. Let n = 5 - 3. Let h be k(n). Suppose 2*j = h - 4. What are the prime factors of j?
2, 3
Suppose -3*d + 5*t = 40, 4*d + 8 = 2*t - 22. Let x(r) = r**2 - r. Let i be x(0). Let l = i - d. What are the prime factors of l?
5
Let b = 136 + -89. What are the prime factors of b?
47
List the prime factors of 1/(-6) - 3443/(-66).
2, 13
Let p(k) = 3*k + 7. Let q be p(15). Suppose 0 = -3*o + 20 + q. List the prime factors of o.
2, 3
Suppose -3*c + 6 = 4*v, -v + 0 = -5*c + 10. Let k(p) = -6*p**2 + p. Let f be k(c). List the prime factors of 1/(-3) + f/(-3).
7
Suppose -3*g - 195 = 4*d, -4*d + d - 253 = 4*g. Let x = g - -96. List the prime factors of x.
5, 7
Let d be (3 + 0)/(-3)*-5. Suppose -d*j = 5*t - 30, -2*t - 5*j = -6*t + 33. List the prime factors of t.
7
List the prime factors of (-9)/4*(-28 + 16).
3
Suppose 4*o - 271 + 55 = 0. What are the prime factors of o?
2, 3
Suppose 9*i - 10*i = -4. List the prime factors of i.
2
Let k be ((-2)/4)/((-7)/14). Suppose -k = -3*a - 3*d + 7*d, 4*d = -4*a + 20. List the prime factors of a.
3
Let b be ((-6)/(-5))/((-2)/(-5)). What are the prime factors of 22 + ((-3)/b)/1?
3, 7
Let t(c) = 5*c**3 + 3*c**2 + 10*c + 5. What are the prime factors of t(4)?
7, 59
Let w(r) = -3*r - 3. Let v be w(-5). Let j = -8 + v. What are the prime factors of j?
2
Let a = 19 - 3. List the prime factors of a.
2
Let d(v) be the first derivative of v + 1/2*v**2 + 2. What are the prime factors of d(4)?
5
Suppose 0 = 4*s + r + 12 - 0, 5*s - 3*r + 32 = 0. Let c = 4 - s. Suppose -3*n - n + c = 0. What are the prime factors of n?
2
Let r(n) = n**2 + 14*n - 29. What are the prime factors of r(-18)?
43
Suppose g = -2*g + 18. Let i be (-1*g)/((-4)/4). Suppose p - 6 = -3*q, -4*p + 7*p = 3*q + i. What are the prime factors of p?
3
Let m(h) = h**3 - 9*h**2 + 5*h - 9. What are the prime factors of m(9)?
2, 3
Suppose 8 = 5*a - 4*b, 4*a + 3*b + 9 = 34. Suppose -2*y = a, p - 7*y - 54 = -3*y. What are the prime factors of p?
2, 23
Suppose g = 6*g. Suppose -c - 2*c - 42 = g. Let q = -4 - c. What are the prime factors of q?
2, 5
Let s(r) = 2*r**3 - 21*r**2 - 8*r + 14. List the prime factors of s(11).
47
List the prime factors of 12/6 + (3 - -151).
2, 3, 13
Let a(o) = o**2 + 2*o + 2. Let g be a(-3). Suppose 0*k - 25 = g*k. Let n(q) = q**2 + 3*q - 5. List the prime factors of n(k).
5
Let v(k) = k**3 - 19*k**2 - 15*k - 19. List the prime factors of v(20).
3
Suppose -l - l + 186 = 0. Suppose -15 = -0*c - c + 3*g, 5*c = -3*g + l. What are the prime factors of c?
2, 3
Suppose -2*s + o - 7 = 2*o, 4*s = 5*o - 21. Let i(q) = -q + 3. List the prime factors of i(s).
7
Let c(h) = h**2 + 3*h. Let v be c(-3). Let y(t) = -t**3 + t**2 + 22. List the prime factors of y(v).
2, 11
Let y(x) = x**2 + 4*x - 2. Let b be y(-6). Suppose -d = -11 - b. List the prime factors of d.
3, 7
Let v(y) = -5*y**3 - 6*y**2 - 4*y - 11. Let r(z) = 6*z**3 + 5*z**2 + 5*z + 10. Let p(g) = 6*r(g) + 7*v(g). List the prime factors of p(12).
7
Suppose -z = -4*z + 51. Let w = 30 - z. What are the prime factors of w?
13
List the prime factors of 89*(-6 + 3)/(-3).
89
Suppose -3*a = 2*y + 10, 0 = -4*a - y - y - 10. Let w = -5 - -8. Suppose w*m - 9 = -a*m. What are the prime factors of m?
3
Let r be 8/(-14) + 75/21. Suppose 0*h + r*h = -5*w + 110, 3*w = -4*h + 55. What are the prime factors of w?
5
Suppose -4*s + 1028 - 348 = 0. What are the prime factors of s?
2, 5, 17
Suppose 1 = m + 4, 3*s + m + 9 = 0. Let t = s - -18. List the prime factors of t.
2
Let v = -1 + 13. Suppose -2 = 5*g - v. List the prime factors of g.
2
Suppose 2*x + 3*o = 3*x - 62, 3*x + 3*o = 150. What are the prime factors of x?
53
What are the prime factors of 74/3 + (-24)/36?
2, 3
Let r(x) = 5*x - 1. Suppose -4*s = -1 - 7. What are the prime factors of r(s)?
3
Let j(p) = -p + 4*p - 9*p**3 - 2*p + 1 - p**2. Let y be j(-1). Let t = y + 2. What are the prime factors of t?
2, 5
Suppose 0 = -2*i - 68 - 16. What are the prime factors of (-3)/(9/i) + -1?
13
Let y(v) be the third derivative of v**6/60 - v**5/30 + v**4/8 - v**3/2 + 2*v**2. List the prime factors of y(2).
11
Let l(c) = -2*c**2 + 4*c - 1 - 4 - 2 + 3*c**2. List the prime factors of l(-6).
5
Suppose -2*g = -7 + 1, -4*g + 14 = 2*s. Suppose -2*r = -a - 0*a + 31, -s = -r. List the prime factors of a.
3, 11
Suppose -2*c + 3*c - 3 = 0, -c + 223 = 4*j. List the prime factors of j.
5, 11
Suppose -5 = q, -3*n = -6*n + 4*q + 401. What are the prime factors of n?
127
What are the prime factors of (-704)/(-24)*(-2 - (-46)/8)?
2, 5, 11
Let f(n) be the first derivative of -n - 2 + 2/3*n**3 - 3/2*n**2. List the prime factors of f(-2).
13
Suppose -4*t + 51 = 5*k, -5*k - 101 = 4*t - 8*t. What are the prime factors of t?
19
Let x(i) be the second derivative of 5/12*i**4 + 5/2*i**2 + 1/20*i**5 - 1/6*i**3 + 2*i + 0. What are the prime factors of x(-5)?
2, 5
Suppose -3*b - 4*j = 6, -2*j = 5*b - 3 - 1. Let h = b + 5. What are the prime factors of h?
7
Let x(v) = 143*v - 2. What are the prime factors of x(1)?
3, 47
Let u = 20 + -11. What are the prime factors of (-12)/u*42/(-4)?
2, 7
Let v(y) = 5*y**2 - 5*y - 9. Let p(d) = 9*d**2 - 10*d - 17. Let m(h) = -6*p(h) + 11*v(h). Let w be m(-4). List the prime factors of (12/10)/(w/(-5)).
2, 3
Let n(t) = 20*t. Let q = 7 - 5. Let r be n(q). What are the prime factors of r/15 + 1/3?
3
Let u be 122/6 + 6/9. Suppose 3*r + l = -0*r + u, 0 = -2*r - 5*l + 14. What are the prime factors of r?
7
Suppose 2*y - 5 = -27. Let r = y + 23. Suppose -x = 1 - r. List the prime factors of x.
11
Let i be (0 - 0)/(1 + 0). Suppose i*f + 43 = f. Suppose -f = -2*b - 2*b - l, 5 = -l. What are the prime factors of b?
2, 3
Let c = -1 + 4. Let j(v) = 5*v. What are the prime factors of j(c)?
3, 5
Suppose -5*z - 4*f + 36 = -z, -f = -4*z + 11. Suppose -g = -4*q - z*g + 14, -5*q = 5*g - 20. What are the prime factors of q/3 + 28/12?
3
Let k(n) = -n**3 - 15*n**2 - 25*n + 14. What are the prime factors of k(-14)?
2, 3, 7
Let z = 1 - 2. Let v be z/(-3) - (-80)/3. Let o = v - 15. What are the prime factors of o?
2, 3
Suppose 6 - 17 = -u - 2*m, 0 = -2*u + 2*m - 2. Let g be 36/u + 0 + 0. What are the prime factors of 8/g - (-10)/3?
2
Suppose -t + 0*t = -2. What are the prime factors of t/((-3)/162*-3)?
2, 3
What are the prime factors of 0 + 3 - (1 + -4)?
2, 3
Suppose 2*v = -v + 30. List the prime factors of v.
2, 5
Let k(s) = -s**3 - 5*s**2 + 2. Let x be k(-5). Suppose h + 6 + 1 = 5*i, 0 = -x*h - 5*i + 61. List the prime factors of h.
2, 3
Suppose 5*u = 5*y - 10*y + 165, -y + 4*u = -28. What are the prime factors of y?
2
Let g be (9/(-3))/(-3) - -75. Suppose 2*r - 2*d = d + 30, -4*r + 2*d = -g. What are the prime factors of r?
3, 7
Let z(k) = k + 9. Let p be z(-7). Suppose 2*d - 8 = -4*l, p*l + 0*d - 10 = 2*d. Suppose 28 = l*g - 2. List the prime factors of g.
2, 5
Let f(m) = m**2 + 3*m + 9. Let q = -17 + 11. What are the prime factors of f(q)?
3
Let g be 526/(-8) - (-9)/(-36). Let m be (-252)/g - 2/(-11). Suppose -l - 63 = -m*l. List the prime factors of l.
3, 7
Let x(o) = 43*o**2 - o. Let n be x(-1). Suppose 0 = 5*l - l - n. List the prime factors of l.
11
Let l be (0 + 2/4)*-12. Let w = l + 14. What are the prime factors of w?
2
Let n(q) be the third derivative of 1/60*q**5 - 4/3*q**3 + 2*q**2 + 0*q + 0 + 5/24*q**4. What are the prime factors of n(-7)?
2, 3
Let o(y) = -y**2 - 11*y + 7. Let l be o(-14). Let x = -7 - l. List the prime factors of x.
2, 7
Let o = 21 + 80. What are the prime factors of o?
101
Let x(r) = r**2 + 0*r**2 - 7*r - r**3 - 8*r**2. Let l be x(-6). Suppose 14 = 4*z - l. List the prime factors of z.
5
Let d = 72 - -17. List the prime factors of d.
89
Suppose -4*d - 9 = 2*i + i, d + 2*i - 4 = 0. Let z(s) = -4*s + 2. Let b(l) = -17*l + 9. Let f(t) = -6*b(t) + 26*z(t). List the prime factors of f(d).
2, 5
Suppose -5*r + 148 - 28 = 0. Suppose -4*o + r = -2*o. List the prime factors of (30/4)/(9